{"id":1767,"date":"2023-07-03T11:18:50","date_gmt":"2023-07-03T11:18:50","guid":{"rendered":"http:\/\/emigracioncastellanayleonesa.es\/?page_id=1767"},"modified":"2025-02-12T10:15:23","modified_gmt":"2025-02-12T10:15:23","slug":"memoria-de-la-emigracion","status":"publish","type":"page","link":"http:\/\/emigracioncastellanayleonesa.es\/index.php\/memoria-de-la-emigracion\/","title":{"rendered":"Memoria de la Emigraci\u00f3n"},"content":{"rendered":"\t\t<div data-elementor-type=\"wp-page\" data-elementor-id=\"1767\" class=\"elementor elementor-1767\" data-elementor-post-type=\"page\">\n\t\t\t\t\t\t<section class=\"elementor-section elementor-top-section elementor-element elementor-element-45240bb elementor-section-boxed elementor-section-height-default elementor-section-height-default\" data-id=\"45240bb\" data-element_type=\"section\">\n\t\t\t\t\t\t<div class=\"elementor-container elementor-column-gap-default\">\n\t\t\t\t\t<div class=\"elementor-column elementor-col-100 elementor-top-column elementor-element elementor-element-d1b5bb4\" data-id=\"d1b5bb4\" data-element_type=\"column\">\n\t\t\t<div class=\"elementor-widget-wrap elementor-element-populated\">\n\t\t\t\t\t\t<div class=\"elementor-element elementor-element-0387891 elementor-widget elementor-widget-spacer\" data-id=\"0387891\" data-element_type=\"widget\" data-widget_type=\"spacer.default\">\n\t\t\t\t<div class=\"elementor-widget-container\">\n\t\t\t<style>\/*! elementor - v3.22.0 - 17-06-2024 *\/\n.elementor-column .elementor-spacer-inner{height:var(--spacer-size)}.e-con{--container-widget-width:100%}.e-con-inner>.elementor-widget-spacer,.e-con>.elementor-widget-spacer{width:var(--container-widget-width,var(--spacer-size));--align-self:var(--container-widget-align-self,initial);--flex-shrink:0}.e-con-inner>.elementor-widget-spacer>.elementor-widget-container,.e-con>.elementor-widget-spacer>.elementor-widget-container{height:100%;width:100%}.e-con-inner>.elementor-widget-spacer>.elementor-widget-container>.elementor-spacer,.e-con>.elementor-widget-spacer>.elementor-widget-container>.elementor-spacer{height:100%}.e-con-inner>.elementor-widget-spacer>.elementor-widget-container>.elementor-spacer>.elementor-spacer-inner,.e-con>.elementor-widget-spacer>.elementor-widget-container>.elementor-spacer>.elementor-spacer-inner{height:var(--container-widget-height,var(--spacer-size))}.e-con-inner>.elementor-widget-spacer.elementor-widget-empty,.e-con>.elementor-widget-spacer.elementor-widget-empty{position:relative;min-height:22px;min-width:22px}.e-con-inner>.elementor-widget-spacer.elementor-widget-empty .elementor-widget-empty-icon,.e-con>.elementor-widget-spacer.elementor-widget-empty .elementor-widget-empty-icon{position:absolute;top:0;bottom:0;left:0;right:0;margin:auto;padding:0;width:22px;height:22px}<\/style>\t\t<div class=\"elementor-spacer\">\n\t\t\t<div class=\"elementor-spacer-inner\"><\/div>\n\t\t<\/div>\n\t\t\t\t<\/div>\n\t\t\t\t<\/div>\n\t\t\t\t\t<\/div>\n\t\t<\/div>\n\t\t\t\t\t<\/div>\n\t\t<\/section>\n\t\t\t\t<section class=\"elementor-section elementor-top-section elementor-element elementor-element-4c094071 elementor-section-boxed elementor-section-height-default elementor-section-height-default\" data-id=\"4c094071\" data-element_type=\"section\">\n\t\t\t\t\t\t<div class=\"elementor-container elementor-column-gap-default\">\n\t\t\t\t\t<div class=\"elementor-column elementor-col-100 elementor-top-column elementor-element elementor-element-7bc631c7\" data-id=\"7bc631c7\" data-element_type=\"column\">\n\t\t\t<div class=\"elementor-widget-wrap elementor-element-populated\">\n\t\t\t\t\t\t<div class=\"elementor-element elementor-element-6d7c2f4 elementor-widget elementor-widget-text-editor\" data-id=\"6d7c2f4\" data-element_type=\"widget\" data-widget_type=\"text-editor.default\">\n\t\t\t\t<div class=\"elementor-widget-container\">\n\t\t\t<style>\/*! elementor - v3.22.0 - 17-06-2024 *\/\n.elementor-widget-text-editor.elementor-drop-cap-view-stacked .elementor-drop-cap{background-color:#69727d;color:#fff}.elementor-widget-text-editor.elementor-drop-cap-view-framed .elementor-drop-cap{color:#69727d;border:3px solid;background-color:transparent}.elementor-widget-text-editor:not(.elementor-drop-cap-view-default) .elementor-drop-cap{margin-top:8px}.elementor-widget-text-editor:not(.elementor-drop-cap-view-default) .elementor-drop-cap-letter{width:1em;height:1em}.elementor-widget-text-editor .elementor-drop-cap{float:left;text-align:center;line-height:1;font-size:50px}.elementor-widget-text-editor .elementor-drop-cap-letter{display:inline-block}<\/style>\t\t\t\t<p><!-- wp:paragraph --><\/p>\n<p>En el periodo de entreguerras, los soci\u00f3logos polacos comenzaron a recoger testimonios de sus conciudadanos, generalmente en forma de relatos de vida, utilizando como dispositivo principal los premios literarios. Fruto de esa preocupaci\u00f3n, aparte de miles de documentos recopilados, vio la luz una de las principales obras cient\u00edficas sobre las migraciones internacionales, El campesino polaco en Am\u00e9rica, de Florian Znaniecki y William Thomas. En estos trabajos cient\u00edficos se sustent\u00f3 la primera convocatoria de los Premios Memoria de la Emigraci\u00f3n, en este caso zamorana, en 2005, con tal \u00e9xito que tuvieron que publicarse tres vol\u00famenes con los relatos de vida recibidos. <br \/>Desde entonces, se han publicado 6 convocatorias de este mismo premio, de \u00e1mbito regional, y otra m\u00e1s provincial para Zamora. El \u00e9xito e inter\u00e9s suscitado por esta manera de recuperar la memoria colectiva de los castellanos y leoneses en el exterior, llam\u00f3 la atenci\u00f3n del Gobierno de Espa\u00f1a que, junto con instituciones castellanas y leonesas y la UNED, han convocado ya dos premios similares de \u00e1mbito estatal. En paralelo, se han hecho estudios de referencia sobre este tipo de materiales y otros como epistolarios, colecciones fotogr\u00e1ficas, etc. <br \/>La colecci\u00f3n de relatos reunida hasta la fecha, con m\u00e1s de 500 testimonios, es la m\u00e1s importante en su g\u00e9nero en Europa. Sin embargo, m\u00e1s all\u00e1 de lo acad\u00e9mico, su valor reside en dar la oportunidad de expresarse a todos aquellos que migraron o a sus descendientes m\u00e1s inmediatos. Relatos de enorme valor testimonial pero tambi\u00e9n documental, gracias a las copias de las fotograf\u00edas y documentos que los acompa\u00f1an. <br \/>Relatos expresivos, en primera o segunda persona, emocionantes, dolidos, orgullosos y esperanzados. Reflejo del dolor del desarraigo pero tambi\u00e9n de la fuerza que conecta a nuestros paisanos que no viven entre nosotros con su tierra, sus ra\u00edces, sus costumbres y sus familias.<\/p>\n<p>\u00a0<\/p>\n<p><strong>VI PREMIO MEMORIA DE LA EMIGRACI\u00d3N CASTELLANA Y LEONESA<\/strong><\/p>\n<p><!-- \/wp:paragraph --><\/p>\n<p><!-- wp:paragraph --><\/p>\n<p>El Centro de Estudios de la Emigraci\u00f3n Castellana y Leonesa de la UNED de Zamora, en el marco del Convenio firmado el 27 de septiembre de 2017 entre la Administraci\u00f3n de la Comunidad de Castilla y Le\u00f3n y el Consorcio Universitario del Centro Asociado de la UNED en Zamora para la realizaci\u00f3n conjunta de actuaciones en materia de emigraci\u00f3n, convoca el V Premio Memoria de la Emigraci\u00f3n Castellana y Leonesa con el objeto de mantener y recuperar el testimonio de los emigrantes castellanos y leoneses.<\/p>\n<p><!-- \/wp:paragraph --><\/p>\n<p><!-- wp:paragraph --><\/p>\n<p>Castilla y Le\u00f3n es una comunidad aut\u00f3noma en la que el proceso migratorio ha sido intenso y por ello es fundamental para los que en ella viven, as\u00ed como para los que residen en el exterior, la recuperaci\u00f3n y el mantenimiento de la memoria individual y colectiva de los emigrantes. Sus testimonios personales, plasmados en cualquier soporte (escrito, gr\u00e1fico, audiovisual) son imprescindibles para la conservaci\u00f3n de esa memoria com\u00fan y para el conocimiento de nuestro pasado reciente y de nuestro presente.<\/p>\n<p>El trabajo realizado por la Junta de Castilla y Le\u00f3n y la UNED de Zamora durante m\u00e1s de dos d\u00e9cadas ha permitido conformar un importante acervo documental que debe sostenerse y ampliarse en lo posible. Estos premios contribuyen a esta tarea en la que es fundamental la participaci\u00f3n de los emigrantes y sus familias, pero tambi\u00e9n de las numerosas asociaciones de emigrantes castellanos y leoneses que, con dedicaci\u00f3n y entusiasmo, han promocionado la participaci\u00f3n de sus asociados en estos premios.<\/p>\n<p>Los testimonios que participen en la convocatoria en sus distintas modalidades y soportes pasar\u00e1n a formar parte de los fondos del Centro de Estudios de la Emigraci\u00f3n Castellana y Leonesa de la UNED de Zamora y podr\u00e1n ser publicadas por la Junta de Castilla y Le\u00f3n, de acuerdo con lo previsto en el Convenio firmado el 27 de septiembre de 2017 entre la Administraci\u00f3n de la Comunidad de Castilla y Le\u00f3n y el Consorcio Universitario del Centro Asociado de la UNED en Zamora para la realizaci\u00f3n conjunta de actuaciones en materia de emigraci\u00f3n y quedar\u00e1n a disposici\u00f3n de ambas entidades.<br \/><br \/><\/p>\n<center><\/center>\n<h2><a href=\"https:\/\/catedravinculacionydesarrollo.es\/index.php\/i-premio-memoria-de-la-emigracion-espanola\/\"><span style=\"color: #008000;\">I Premio memoria de la emigraci\u00f3n espa\u00f1ola<br \/><\/span><\/a><\/h2>\n<h2><a href=\"http:\/\/emigracioncastellanayleonesa.es\/index.php\/2023\/09\/25\/segundo-premio-memoria-de-la-emigracion-espanola\/\"><span style=\"color: #008000;\">II Premio memoria de la emigraci\u00f3n espa\u00f1ola\u00a0<\/span><\/a><\/h2>\n<h2><span style=\"color: #008000;\"><a href=\"https:\/\/emigracioncastellanayleonesa.es\/index.php\/iii-premio-memoria-de-la-emigracion-espanola\/\">III Premio memoria de la emigraci\u00f3n espa\u00f1ola<\/a>\u00a0<\/span><\/h2>\n<p><!-- \/wp:paragraph --><\/p>\t\t\t\t\t\t<\/div>\n\t\t\t\t<\/div>\n\t\t\t\t\t<\/div>\n\t\t<\/div>\n\t\t\t\t\t<\/div>\n\t\t<\/section>\n\t\t\t\t<section class=\"elementor-section elementor-top-section elementor-element elementor-element-4b701a0 elementor-section-boxed elementor-section-height-default elementor-section-height-default\" data-id=\"4b701a0\" data-element_type=\"section\">\n\t\t\t\t\t\t<div class=\"elementor-container elementor-column-gap-default\">\n\t\t\t\t\t<div class=\"elementor-column elementor-col-100 elementor-top-column elementor-element elementor-element-0669040\" data-id=\"0669040\" data-element_type=\"column\">\n\t\t\t<div class=\"elementor-widget-wrap elementor-element-populated\">\n\t\t\t\t\t\t<div class=\"elementor-element elementor-element-702fd0b elementor-widget elementor-widget-spacer\" data-id=\"702fd0b\" data-element_type=\"widget\" data-widget_type=\"spacer.default\">\n\t\t\t\t<div class=\"elementor-widget-container\">\n\t\t\t\t\t<div class=\"elementor-spacer\">\n\t\t\t<div class=\"elementor-spacer-inner\"><\/div>\n\t\t<\/div>\n\t\t\t\t<\/div>\n\t\t\t\t<\/div>\n\t\t\t\t\t<\/div>\n\t\t<\/div>\n\t\t\t\t\t<\/div>\n\t\t<\/section>\n\t\t\t\t<\/div>\n\t\t","protected":false},"excerpt":{"rendered":"<p>En el periodo de entreguerras, los soci\u00f3logos polacos comenzaron a recoger testimonios de sus conciudadanos, generalmente en forma de relatos de vida, utilizando como dispositivo principal los premios literarios. Fruto de esa preocupaci\u00f3n, aparte de miles de documentos recopilados, vio la luz una de las principales obras cient\u00edficas sobre las migraciones internacionales, El campesino polaco [&hellip;]<\/p>\n","protected":false},"author":5,"featured_media":0,"parent":0,"menu_order":0,"comment_status":"closed","ping_status":"closed","template":"","meta":[],"_links":{"self":[{"href":"http:\/\/emigracioncastellanayleonesa.es\/index.php\/wp-json\/wp\/v2\/pages\/1767"}],"collection":[{"href":"http:\/\/emigracioncastellanayleonesa.es\/index.php\/wp-json\/wp\/v2\/pages"}],"about":[{"href":"http:\/\/emigracioncastellanayleonesa.es\/index.php\/wp-json\/wp\/v2\/types\/page"}],"author":[{"embeddable":true,"href":"http:\/\/emigracioncastellanayleonesa.es\/index.php\/wp-json\/wp\/v2\/users\/5"}],"replies":[{"embeddable":true,"href":"http:\/\/emigracioncastellanayleonesa.es\/index.php\/wp-json\/wp\/v2\/comments?post=1767"}],"version-history":[{"count":33,"href":"http:\/\/emigracioncastellanayleonesa.es\/index.php\/wp-json\/wp\/v2\/pages\/1767\/revisions"}],"predecessor-version":[{"id":2460,"href":"http:\/\/emigracioncastellanayleonesa.es\/index.php\/wp-json\/wp\/v2\/pages\/1767\/revisions\/2460"}],"wp:attachment":[{"href":"http:\/\/emigracioncastellanayleonesa.es\/index.php\/wp-json\/wp\/v2\/media?parent=1767"}],"curies":[{"name":"wp","href":"https:\/\/api.w.org\/{rel}","templated":true}]}}